Suppose -4*h - 44 = n, -2*h - 4 = -n + 6*n. Let k(b) = b**2 - 5*b + 35. What is the hundreds digit of k(h)?
2
Let l be 7/(-1) + (0 - -3 - 5). Let g be 15/(((-27)/2)/l). What is the hundreds digit of 3/((-15)/g) + 143?
1
Suppose -32*y + 7016 = -28*y. Suppose -2752 = -5*h + 5*u - 562, 0 = -4*h + 3*u + y. What is the tens digit of h?
4
Suppose -2*x - 313478 = -12*p, 0 = 2*p + x - 10963 - 41282. What is the units digit of p?
3
Let q(g) = 32*g**2 - 3*g + 3. Let t be q(1). What is the units digit of ((-114)/4)/(6 - 198/t)?
2
Suppose 2*a - 4257 = -509. Suppose -2*b = 2*t - 1260, 3*t - 17*b + 12*b = a. What is the hundreds digit of t?
6
Let a be 44*(-7 - -6) + (3 - 1). Let p = 46 + a. Let n(r) = 25*r + 1. What is the units digit of n(p)?
1
Let z(h) = -7 + 2 - 18*h - 6 + 0. What is the tens digit of z(-4)?
6
Suppose 0*j + 25 = -5*j, -l - 11 = 3*j. Suppose -11*u + 10*u = -5*o - 555, -l*u - 2*o + 2176 = 0. What is the tens digit of u?
4
What is the thousands digit of (-2)/3*((-3259203)/(-152) - -9)*-4?
7
Let c(t) = t - 1. Let n(s) be the first derivative of 7*s**2 + 164*s - 26. Let y(g) = -8*c(g) + n(g). What is the units digit of y(0)?
2
What is the hundreds digit of 388*(8/6)/(144/8478)?
4
Let i be (1*17*3)/(12/(-156)). Let o = 1056 - i. What is the thousands digit of o?
1
Let y = 2070 + 6723. What is the tens digit of y?
9
Let g(i) = -i + 226. Let m be g(0). Let t = -74 + m. What is the units digit of t?
2
Let l = 36 + -35. Let f(i) = 5*i - 2*i**3 - l + i - 3*i + 2 - i**2. What is the hundreds digit of f(-4)?
1
Suppose -3*m - 4*t + 6 = -52, 0 = -4*m + 5*t + 98. Let v = -18 + m. Suppose 3*x + 2*d - 192 = -2*d, v*d = 0. What is the tens digit of x?
6
What is the thousands digit of 7336*(-7)/35*(-3 - 2)?
7
Suppose -g = -2*o - 2*o - 864, 3511 = 4*g - 5*o. Suppose 3*i - 3*w + 4*w + g = 0, 3*w - 876 = 3*i. Let y = -147 - i. What is the units digit of y?
7
What is the units digit of 3798 - (-8)/(120/(-75))?
3
Let z be (1/4)/((-17)/(-272)). Suppose -3377 = -5*k + 4*q, 4*k - 1646 - 1058 = z*q. What is the tens digit of k?
7
Suppose -x - 5*h + 330 = -0*x, 4*x = -3*h + 1235. What is the tens digit of x?
0
Let c(q) = 50*q + 68. Let t be c(-6). Let g = t + 592. What is the units digit of g?
0
Let z(a) = a**3 + 8*a**2 + 3. Let t be z(-8). Let y(p) = -4*p - p**3 + p - 3*p**2 - 5 - 4*p**t + 3*p**3. What is the units digit of y(-3)?
1
What is the hundreds digit of ((-54)/189)/(5/(-1498595))?
6
Let a(v) = v + 17. Let y be a(-13). Suppose 0*f = 4*l + 2*f + 62, 0 = -5*l - y*f - 70. Let m = l - -26. What is the units digit of m?
8
Suppose -321*m - 274197 = -354*m. What is the hundreds digit of m?
3
Suppose 4*k + 3*t + 0 + 7 = 0, 5 = -t. Suppose 0 = -4*q + 8, -k*w - 888 = -4*w + 2*q. What is the units digit of w?
6
Let j(o) = 496*o - 6939. What is the ten thousands digit of j(40)?
1
Suppose 4*u - 148070 = -3*p, 9*u - 3*p + 4*p = 333169. What is the hundreds digit of u?
0
Let c(y) = 4272*y - 8675. What is the units digit of c(18)?
1
Let p = 8 + -4. Suppose y - 5*y - 5*s + 1 = 0, y - 3*s = -p. What is the units digit of (y + 12/9)*3*102?
2
Let c(m) be the first derivative of 4*m**3/3 - 17*m - 2. Suppose 5*d + 2*o = 20, -12*d + 9*d + 4*o = -12. What is the units digit of c(d)?
7
Let o = -4 - 0. Let j(h) be the first derivative of h**3 + h**2 - 2*h - 109. What is the units digit of j(o)?
8
Let l(c) = 98*c**2 + 21*c - 19. Let w(v) = -33*v**2 - 7*v + 6. Let j(g) = -3*l(g) - 8*w(g). Let d be j(2). Let q = d + 135. What is the units digit of q?
0
Let o(t) = t**3 - 32*t**2 + 34*t + 1. Let i be (44/(-22))/(2/(-32)). What is the units digit of o(i)?
9
What is the units digit of (1920/(-10))/16 - -35141?
9
Let n = 72 - 60. Let r = 73 - n. Let j = -8 + r. What is the tens digit of j?
5
Suppose -3*c - j - 2*j + 1728 = 0, -4*c = 3*j - 2299. Suppose 2*g + 5*f - 747 = 0, 3*g + 4*f = 567 + c. What is the tens digit of g?
8
Let w = -61 + 63. Let k(q) = 55*q**3 - 2*q**2 + 13*q - 24. What is the tens digit of k(w)?
3
Let r be (0 - 0) + (-23 - -22). Suppose 5*w - 32 = -h, -h - w - w = -17. What is the tens digit of -155*(r/h + 2/(-35))?
3
Suppose 4*q = -2*n + 855 - 231, -3*q = 5*n - 475. Suppose -q = -4*b + 325. What is the tens digit of b?
2
Suppose 2*d - 83 = -77. Suppose -d*t = 4*x - 75 - 228, t - 301 = -4*x. What is the tens digit of x?
7
Suppose m - 8 = -3*m - 2*c, -2*c + 5 = 3*m. Suppose -3*f + 9 + 3 = -3*p, -4*f + m*p + 15 = 0. Suppose f*i = -3*i + 648. What is the tens digit of i?
0
Let a(g) be the third derivative of g**5/30 + 5*g**4/6 - g**3/3 - g**2. Suppose -4*z = -20, 10*v - 6*v - 4*z + 72 = 0. What is the tens digit of a(v)?
7
Let m = -6408 - -11329. What is the thousands digit of m?
4
Suppose -3*v - v - c + 24 = 0, 0 = -3*c. Let b(r) = 3*r**2 + 6*r + 9. What is the tens digit of b(v)?
5
Let l = -260 - -307. Suppose 3588 = -l*f + 53*f. What is the units digit of f?
8
Let p(d) = 22*d + d**3 - 7 - 9 - 12*d**2 - 2*d. Let j be p(12). Let m = -155 + j. What is the tens digit of m?
6
Suppose 131*f + 142*f = 294*f - 120393. What is the hundreds digit of f?
7
Let k be (-3 + (-15395)/(-15))*(9 - 0). What is the hundreds digit of (-6)/21 - (5 + k/(-42))?
2
Suppose -50113 = -13*m + 65327. What is the hundreds digit of m?
8
Let f = -27477 - -65951. What is the hundreds digit of f?
4
Let h be (1456/35)/(10/(-75)). Let x = h - -470. What is the hundreds digit of x?
1
Let k = 17 - 15. Suppose 45 - 25 = 5*q. Suppose k*r = -q*r + 294. What is the units digit of r?
9
Let p = 64463 + 3442. What is the thousands digit of p?
7
Suppose 11*o = 15*o - 1944. Suppose 4*w + 2*c = -0*w + 1954, 0 = w + 3*c - o. Let x = w + -312. What is the hundreds digit of x?
1
What is the hundreds digit of 1/(-9) + 19/(1197/858571)?
6
Let l be (-5)/((-135)/(-276)) + (-6)/(-27). Let g be ((-38)/l)/((-2)/(-10)). Let h = 74 - g. What is the tens digit of h?
5
Let i = 16916 + -4823. What is the thousands digit of i?
2
Let t(h) = 44*h + 17*h + 44 + 43 - 80. What is the tens digit of t(9)?
5
Let x(d) = -d**3 + 21*d**2 - 87*d - 32. Let o be x(15). Suppose 0 = -15*w - o*w + 28056. What is the thousands digit of w?
1
Let u = -128 + 45. Let m = u - -83. Suppose 5*x - 2*r + r - 556 = m, 0 = -x - 4*r + 128. What is the units digit of x?
2
Suppose 0 = -141*s - 36*s + 506 + 379. Let x(h) = 11*h - 15. Let i(y) = 12*y - 15. Let l(d) = 4*i(d) - 3*x(d). What is the tens digit of l(s)?
6
What is the tens digit of 15*-1 - (140 - 13126)?
7
Let g = -4302 - -15673. What is the ten thousands digit of g?
1
Suppose -2*g - 2 = -8, 3*y - 11241 = g. What is the tens digit of y?
4
Let c(f) = -f**2 + 18*f - 21. Let h be c(17). Let s be -3*((-3)/12 - (-3)/h). Suppose -2*u - s*g = -209, 0 = -u - 4*g + 8*g + 99. What is the units digit of u?
3
Let u be 0 + -1 + (-5232)/(-48). Suppose 0 = 2*r + g - 115, r - u = 4*g - 28. What is the tens digit of r?
6
Suppose 5*u - 6*u = 28*u - 1272868. What is the ten thousands digit of u?
4
Let s(o) = -o**2 + 522*o - 12. What is the thousands digit of s(70)?
1
Let r = 25925 - -604. What is the thousands digit of r?
6
Let g(a) be the third derivative of -23*a**4/24 - 20*a**3/3 - 74*a**2. What is the tens digit of g(-10)?
9
Let w(o) = 7*o - 2*o - 3*o**3 + 18 + 3*o - 46*o**2 + 2*o. What is the hundreds digit of w(-16)?
3
Let r(c) = 20*c + 19. Let l be r(12). Let h = 43 + l. What is the units digit of h?
2
Suppose -t - 5*v = -23081, -t - v + 23077 = 3*v. What is the thousands digit of t?
3
Let u(a) = 4*a**3 - 4*a**2 - 4*a + 10. Let k be u(4). Let g = 422 - k. What is the units digit of g?
6
Let x(a) = -a**2 - 3*a - 4. Let n be x(-2). Let k(r) = -113*r - 5. What is the tens digit of k(n)?
2
Let y(p) = -3467*p + 2185. What is the thousands digit of y(-13)?
7
Suppose 5*s = -14*s + 57. Suppose 7*d = s*w + 2*d - 2337, -777 = -w + d. What is the tens digit of w?
7
Let i(v) = -7*v - 10. Let b(z) = -z - 1. Let q(k) = -6*b(k) + i(k). Let d be q(-2). What is the units digit of -69*1/(-1 + d)?
3
What is the thousands digit of ((-3)/(-9))/(-5*5/(-384525))?
5
Let b = -69 - -73. Suppose -339 + 2071 = b*r. What is the units digit of r?
3
Suppose -5*i - 543 = -4943. Suppose 7*a = i - 89. Let v = 298 - a. What is the units digit of v?
5
Let s = -45911 + 47226. What is the hundreds digit of s?
3
Suppose -5094 = -4*v - 4*y - 902, 0 = -4*v 